.
2, 5, 11, 155303
What are the prime factors of 1310378?
2, 151, 4339
List the prime factors of 2374354.
2, 19, 62483
List the prime factors of 4912964.
2, 7, 175463
List the prime factors of 174597.
3, 58199
What are the prime factors of 5886096?
2, 3, 149, 823
List the prime factors of 307741.
7, 43963
What are the prime factors of 648175?
5, 11, 2357
List the prime factors of 18400314.
2, 3, 941, 3259
List the prime factors of 1566338.
2, 827, 947
List the prime factors of 1135314.
2, 3, 63073
List the prime factors of 3479377.
11, 67, 4721
What are the prime factors of 1587001?
13, 17, 43, 167
List the prime factors of 27221.
163, 167
What are the prime factors of 4087704?
2, 3, 181, 941
List the prime factors of 329941.
329941
What are the prime factors of 5764293?
3, 640477
What are the prime factors of 1263022?
2, 23, 27457
What are the prime factors of 24415958?
2, 7, 179, 9743
What are the prime factors of 3955163?
3955163
What are the prime factors of 352395?
3, 5, 41, 191
What are the prime factors of 205928?
2, 25741
What are the prime factors of 7411245?
3, 5, 494083
List the prime factors of 90542.
2, 17, 2663
What are the prime factors of 887952?
2, 3, 13, 1423
What are the prime factors of 116001?
3, 12889
List the prime factors of 1828340.
2, 5, 113, 809
What are the prime factors of 568343?
263, 2161
List the prime factors of 2019146.
2, 1009573
List the prime factors of 1020830.
2, 5, 31, 37, 89
What are the prime factors of 131412?
2, 3, 47, 233
List the prime factors of 196860.
2, 3, 5, 17, 193
List the prime factors of 262770.
2, 3, 5, 19, 461
What are the prime factors of 767374?
2, 31, 12377
What are the prime factors of 388137?
3, 129379
List the prime factors of 1302013.
17, 19, 29, 139
List the prime factors of 582360.
2, 3, 5, 23, 211
List the prime factors of 7075079.
11, 71, 9059
List the prime factors of 182386.
2, 91193
List the prime factors of 751683.
3, 43, 5827
List the prime factors of 9403027.
71, 132437
What are the prime factors of 48460?
2, 5, 2423
List the prime factors of 92967.
3, 7, 19, 233
What are the prime factors of 1081657?
1081657
List the prime factors of 221509.
221509
List the prime factors of 3149466.
2, 3, 353, 1487
List the prime factors of 446883.
3, 148961
List the prime factors of 6929363.
7, 989909
List the prime factors of 70486.
2, 13, 2711
What are the prime factors of 6647112?
2, 3, 19, 43, 113
List the prime factors of 1999611.
3, 41, 5419
List the prime factors of 71330.
2, 5, 7, 1019
List the prime factors of 337465.
5, 67493
List the prime factors of 5739960.
2, 3, 5, 31, 1543
What are the prime factors of 461254?
2, 167, 1381
List the prime factors of 1428094.
2, 71, 89, 113
List the prime factors of 361651.
361651
List the prime factors of 328328.
2, 7, 11, 13, 41
What are the prime factors of 516030?
2, 3, 5, 103, 167
List the prime factors of 1728207.
3, 13, 14771
What are the prime factors of 151456?
2, 4733
What are the prime factors of 3685361?
233, 15817
List the prime factors of 5371840.
2, 5, 16787
List the prime factors of 1413210.
2, 3, 5, 17, 163
List the prime factors of 434922.
2, 3, 173, 419
List the prime factors of 222058.
2, 111029
List the prime factors of 302940.
2, 3, 5, 11, 17
What are the prime factors of 7417122?
2, 3, 31, 39877
List the prime factors of 20126.
2, 29, 347
What are the prime factors of 3295369?
7, 11, 42797
List the prime factors of 1693425.
3, 5, 67, 337
What are the prime factors of 9890779?
197, 50207
List the prime factors of 208221.
3, 13, 19, 281
What are the prime factors of 468428?
2, 181, 647
What are the prime factors of 8750210?
2, 5, 7, 125003
What are the prime factors of 192884?
2, 48221
List the prime factors of 3657077.
41, 191, 467
List the prime factors of 2221344.
2, 3, 857
What are the prime factors of 338022?
2, 3, 89, 211
List the prime factors of 48669.
3, 16223
What are the prime factors of 121393?
233, 521
What are the prime factors of 21260476?
2, 1789, 2971
What are the prime factors of 200992?
2, 11, 571
What are the prime factors of 965917?
89, 10853
What are the prime factors of 806983?
29, 27827
List the prime factors of 38127.
3, 71, 179
List the prime factors of 100641.
3, 33547
What are the prime factors of 66686?
2, 33343
List the prime factors of 14495108.
2, 433, 8369
List the prime factors of 1271019.
3, 431, 983
List the prime factors of 5687811.
3, 631979
List the prime factors of 799123.
13, 61471
List the prime factors of 268751.
7, 38393
What are the prime factors of 82344?
2, 3, 47, 73
What are the prime factors of 134188?
2, 33547
What are the prime factors of 203934?
2, 3, 41, 829
List the prime factors of 15615478.
2, 7807739
List the prime factors of 1149310.
2, 5, 19, 23, 263
What are the prime factors of 47875?
5, 383
What are the prime factors of 288254?
2, 101, 1427
List the prime factors of 484784.
2, 41, 739
What are the prime factors of 2366169?
3, 13, 359
List the prime factors of 2110047.
3, 703349
What are the prime factors of 154858?
2, 11, 7039
What are the prime factors of 1173647?
269, 4363
List the prime factors of 3039207.
3, 41, 24709
What are the prime factors of 168025?
5, 11, 13, 47
List the prime factors of 201142.
2, 163, 617
List the prime factors of 585593.
585593
What are the prime factors of 1071617?
41, 59, 443
List the prime factors of 263874.
2, 3, 13, 17, 199
List the prime factors of 6605567.
251, 26317
List the prime factors of 96364.
2, 24091
What are the prime factors of 133954?
2, 66977
What are the prime factors of 622807?
587, 1061
List the prime factors of 1059059.
1059059
What are the prime factors of 72633?
3, 11, 31, 71
List the prime factors of 27075222.
2, 3, 97, 1723
List the prime factors of 112792.
2, 23, 613
What are the prime factors of 1111687?
1111687
List the prime factors of 3077028.
2, 3, 9497
List the prime factors of 14948107.
31, 383, 1259
What are the prime factors of 521856?
2, 3, 151
List the prime factors of 1126019.
523, 2153
List the prime factors of 1285975.
5, 51439
List the prime factors of 219054.
2, 3, 11, 3319
List the prime factors of 7351027.
73, 100699
What are the prime factors of 170529?
3, 56843
List the prime factors of 98234.
2, 49117
What are the prime factors of 154493?
154493
What are the prime factors of 26354885?
5, 5270977
What are the prime factors of 255804?
2, 3, 21317
What are the prime factors of 23487961?
7, 3355423
What are the prime factors of 122929?
122929
What are the prime factors of 434548?
2, 108637
What are the prime factors of 2637530?
2, 5, 7, 41, 919
What are the prime factors of 17801349?
3, 5933783
List the prime factors of 15173274.
2, 3, 193, 13103
What are the prime factors of 1355102?
2, 7, 43, 2251
What are the prime factors of 620357?
139, 4463
List the prime factors of 1738446.
2, 3, 289741
List the prime factors of 4708676.
2, 7, 211, 797
What are the prime factors of 1059901?
89, 11909
What are the prime factors of 418197?
3, 13, 10723
What are the prime factors of 1912907?
353, 5419
List the prime factors of 957838.
2, 7, 31, 2207
List the prime factors of 132171.
3, 13, 3389
What are the prime factors of 10241897?
2039, 5023
List the prime factors of 792447.
3, 43, 6143
What are the prime factors of 253473?
3, 11, 7681
What are the prime factors of 562233?
3, 7, 41, 653
List the prime factors of 5693973.
3, 1897991
What are the prime factors of 188057?
89, 2113
List the prime factors of 1530365.
5, 349, 877
What are the prime factors of 601188?
2, 3, 7, 17, 421
List the prime factors of 223803.
3, 307
What are the prime factors of 358681?
358681
List the prime factors of 563229.
3, 62581
List the prime factors of 6341726.
2, 37, 43, 1993
List the prime factors of 2943991.
53, 55547
List the prime factors of 478785.
3, 5, 59, 541
List the prime factors of 18731964.
2, 3, 1560997
List the prime factors of 12993307.
199, 65293
List the prime factors of 28723192.
2, 61, 71, 829
List the prime factors of 328670.
2, 5, 23, 1429
What are the prime factors of 1891133?
1891133
What are the prime factors of 2032091?
71, 28621
List the prime factors of 1750746.
2, 3, 291791
List the prime factors of 575527.
53, 10859
List the prime factors of 257729.
97, 2657
List the prime factors 